 2. Let b be j(-3). Let p = -19 - b. Suppose 34 = q + p. What are the prime factors of q?
2, 3, 5
List the prime factors of (3 + 55)/(5/(1545/6)).
29, 103
Let d(a) = -a**3 + 14*a**2 + 19*a - 13. Let j be d(14). Let r = j + -138. Suppose 4*l - r = -l. What are the prime factors of l?
23
Suppose -736 = -4*f + q, 2*q + 0*q + 920 = 5*f. List the prime factors of f.
2, 23
Suppose -5*t + 5*a + 16 = 2*a, -5*a = -2*t + 14. Suppose 0 = 2*o + 2*o - t*d - 114, -148 = -5*o - 3*d. What are the prime factors of o?
29
Let r = 2712 - 1752. Suppose 5*l = -5*l + r. List the prime factors of l.
2, 3
Let v = 214 - 141. List the prime factors of v.
73
Let v(c) = -2*c - 24. Let s be v(-11). What are the prime factors of (34 + s + 5)*1?
37
Let k(z) = 60*z + 373. List the prime factors of k(67).
23, 191
Let v(a) = 3 + a**3 - 1 - 19*a**2 + 5*a + 12*a**2. Let o be v(6). What are the prime factors of -4 - ((-16)/o + -42)?
2, 17
Let s = 79 - 77. Suppose -h = 3*j - 62 - 21, 0 = -3*h + s*j + 282. List the prime factors of h.
2, 23
Suppose -3*m + 2*d + 1468 + 3779 = 0, 4*d - 8723 = -5*m. What are the prime factors of m?
1747
Let a be 6/3*61 + -3. Let u = a - 67. List the prime factors of u.
2, 13
Let v(n) = -8*n + 7. Let a(b) = 6*b + 13. Let d be a(-5). What are the prime factors of v(d)?
11, 13
Let r(n) = -5*n**3 + n**2 + 4. Let t be r(-6). Suppose -9*l = -2*l - t. What are the prime factors of l?
2, 5
Let x(u) = 2*u**2 + 5*u - 7. Let z(v) = v**3 - 7*v**2 - 6. Let i = -8 + 15. Let p be z(i). List the prime factors of x(p).
5, 7
Let h(a) = -3*a**3 + 1. Let f be h(-1). List the prime factors of f - (-1 - (1 - 1)).
5
Let w(g) = 1 + g + 2*g**2 - g + g**2. Let n be w(-3). Suppose 29 + n = 3*p. List the prime factors of p.
19
Let s = -219 + 476. List the prime factors of s.
257
Suppose -43*r + 2561 = -42*r. List the prime factors of r.
13, 197
Let b = -17 + 18. List the prime factors of b*(-3 - 1 - -89).
5, 17
Suppose -4057 - 9879 = -26*h. What are the prime factors of h?
2, 67
Let f(p) = -5*p - 5. Let b be f(-3). Let d = b + -19. What are the prime factors of (-276)/d + (-4)/(-12)?
31
Suppose 2648 + 9688 = 4*s - 3*k, -2*k - 9251 = -3*s. List the prime factors of s.
3, 13, 79
Let w be 12/16 + (-4991)/(-28). Suppose 37 = 6*h - w. What are the prime factors of h?
2, 3
Let y(v) = -v**3 - 3*v**2 - 2*v + 4. Let g be 8/10 - 56/70. Let j = -3 + g. List the prime factors of y(j).
2, 5
Let d = 102 + -102. Suppose 4*t + 5*b - 654 = d, -5*t + 809 = -b + 3*b. What are the prime factors of t?
7, 23
What are the prime factors of (-41120)/(-56) + 1/(14/(-4))?
2, 367
Let g be (5/(-2))/(10/(-20)). Suppose -c - g*t = 90, -3*c = -0*c - 4*t + 327. Let u = 154 + c. What are the prime factors of u?
7
Suppose -6*a + a = -20. Suppose -a*w - 388 = -8*w. What are the prime factors of w?
97
Let g be 4/(-8) - (-115)/10. Let i be ((-66)/(-1))/((-4)/6). What are the prime factors of (-18)/i + 229/g?
3, 7
What are the prime factors of (6162/8)/(-17 - (-3850)/224)?
2, 13, 79
Let t = -2806 + 4023. What are the prime factors of t?
1217
Suppose 2*z = p + 1905, 2*z - 5*z + 2871 = 3*p. List the prime factors of z.
2, 3, 53
Let j be (7/1)/(-2*(-3)/(-66)). Let a = 101 - j. List the prime factors of a.
2, 89
List the prime factors of (-4)/(-38) - 20622/(-114).
181
Suppose -3*p = -5*a + 26 + 8, -a + 17 = -4*p. Suppose -5*g + 146 = 3*f, 0*g = f - a*g - 82. List the prime factors of f.
3, 19
Suppose 2 = 2*o + i, -o = -5*i - 0*i - 23. Suppose -o*h + 192 + 36 = 0. List the prime factors of h.
2, 19
Let z = 4628 + -3092. List the prime factors of z.
2, 3
Suppose 19 = t + 3*v, 2*t + 2*v - 22 = -0*t. Suppose 0 = 3*w - 4*q - 39, 3*w - t = -4*q + 8. List the prime factors of w.
3
Let k(o) = o + 22. Let h = -8 - -12. Suppose 24 = -2*a + h. What are the prime factors of k(a)?
2, 3
Let v(o) = -o**3 - 4*o**2 + 3*o + 5. Let d be v(-4). Let c(w) be the third derivative of -w**4/8 + w**3 - 83*w**2. List the prime factors of c(d).
3
What are the prime factors of (14616/(-45) - -6)*(-30)/4?
3, 797
Let z be (-1100)/30*(-7)/((-35)/(-12)). What are the prime factors of z/6*(-90)/(-20)?
2, 3, 11
Let x = -5778 + 8342. What are the prime factors of x?
2, 641
Let s(j) = 562*j**2 - 10*j + 8. List the prime factors of s(2).
2, 13, 43
Let o(y) = 24*y - 6. Let n be o(-3). Let k = 120 + n. List the prime factors of k.
2, 3, 7
Let l(z) = 11*z**3 - 6*z**2 + 4*z - 3. List the prime factors of l(4).
3, 23
Let l = -72 + 101. Let q(f) = 6*f - 45. Let j be q(10). Let y = l + j. What are the prime factors of y?
2, 11
Let i = -14 + 19. Suppose -5*j - 3*p + 239 = 0, 4*j + 43 = i*j - p. List the prime factors of j.
2, 23
Let y(v) = -v**2 - v + 20. Let z = -2 - 4. Let u = z + 6. List the prime factors of y(u).
2, 5
Let m be (-9)/15 + 9/15. Suppose m = -n - 5*s + 3 + 12, -s + 3 = -n. Suppose 0 = 5*k - n*k - 145. List the prime factors of k.
29
Let x = 761 + -508. Let g = x + -171. List the prime factors of g.
2, 41
Let r be ((-12)/20)/(1/(-10)) - -4. Suppose -1 = q + 6. Let m = r + q. What are the prime factors of m?
3
Let w(z) = z**3 - 12*z**2 - 11*z + 8. Let o be w(13). Suppose -v = -5*s - o, -s - s + 34 = v. List the prime factors of v.
2, 17
Let j(f) = 4*f**3 + 4*f**2 + f - 3. Let u(m) = m**2 + 19*m + 21. Let d be u(-18). What are the prime factors of j(d)?
2, 3
Let f be 640/(-24)*6/(-4). List the prime factors of ((-112)/35)/((-2)/f).
2
List the prime factors of 67/(-335) + (-32582)/(-10).
2, 3, 181
Let a be 6/15 - 26/(-10). Suppose -9 = j + 2*k, 4*k - a*k = -j - 5. Let z(v) = 8*v**2 - v - 1. List the prime factors of z(j).
2
Let v be 4*(-1)/6*-3. Let i = 37 + -34. Suppose 2*y = -0*q + i*q + 46, v*y - 5*q = 46. What are the prime factors of y?
23
Suppose -3*o - 198 = -p + 78, 0 = -5*p + 4*o + 1424. What are the prime factors of p?
2, 3
Suppose -2*o - w = -0*w + 26, -4*w - 65 = 5*o. Let g(n) = -10*n - 18. List the prime factors of g(o).
2, 7
Let v be (-40)/25*(10/(-4) - 0). What are the prime factors of 88 + (-1 - (v - 6))?
89
Suppose 4*y = 8*y - 12. Suppose 0 = -3*p + 5*k + 283, p = -3*p + y*k + 359. What are the prime factors of p?
2, 43
Let c = 6192 - 4285. List the prime factors of c.
1907
Let n(g) = g**2 - 7. Let m = 28 + -27. Suppose -r - 11 = -2*u, 5*r = u - 2 + m. What are the prime factors of n(u)?
29
Let f = 18 + -18. Let v be (-2)/3 + (-14)/(-3). Suppose -5*p - 2*g + 130 = 0, 20 = v*g - f. List the prime factors of p.
2, 3
Suppose -526*v - 1620 = -529*v. What are the prime factors of v?
2, 3, 5
What are the prime factors of (21/14)/(-1 - (-494)/488)?
2, 61
List the prime factors of 8/6*32325/100.
431
List the prime factors of 480816/396 - (1 - (-9)/(-11)).
2, 607
Suppose 2*a = -1 + 1. Let g be (-6)/(1/34*-3). Suppose -4*v = -a*v - g. List the prime factors of v.
17
Let z = -154 - -157. What are the prime factors of 461/3 - 2/z?
3, 17
Suppose -7*n + 28 = -3*n. Let i = n - 1. Suppose -2*f - 4*l + i*l = -68, 0 = 3*l + 3. List the prime factors of f.
3, 11
Suppose m - 75 = -4*m. Suppose 4*u = u + m. Suppose 0*n = u*n - 125. List the prime factors of n.
5
Suppose 0 = -6*l - 2034 - 936. Let b = -248 - l. What are the prime factors of b?
13, 19
Suppose t - 40 = k, 0 = k + 4 - 3. Let d = 63 - t. List the prime factors of d.
2, 3
List the prime factors of (-6)/(-2) + (392 - -2).
397
Suppose -6*g = -7*g - 22. List the prime factors of (3/(-2))/(1/g).
3, 11
Suppose 0 = -4*r - 5 - 15, v - 48 = 4*r. Let y = v - -7. What are the prime factors of y?
5, 7
Let f = -192 - -200. Let q(x) be the second derivative of x**3/3 + 4*x**2 + 2*x. List the prime factors of q(f).
2, 3
Let r be (-117)/(-15) - 2/(-10). Let b(c) = -12 + 3*c**2 - 2*c**2 + r - 8*c. List the prime factors of b(10).
2
Let f(q) = 2*q + 14. Let m = -12 - -7. List the prime factors of f(m).
2
Let p = -80 - -80. Suppose -3*o - 3*f + 393 = -p*f, o - 5*f = 107. List the prime factors of o.
127
Let f be ((-15)/3)/(-2 + 1). Let s be 7 + -5 + (-3 - (-5)/1). Suppose 83 = s*x - 3*m, -f*m = x - 25 - 13. What are the prime factors of x?
23
Let g = -23 + 20. Let d be g - (0 + (-3 - 0)). Suppose d*z - 4*z - 2 = f, -f + 5*z + 25 = 0. What are the prime factors of f?
2, 5
Let b(k) be the third derivative of -4*k**2 - 7/24*k**4 - 7/60*k**5 + 0 + 0*k + 1/3*k**3 - 1/120*k**6. What are the prime factors of b(-6)?
2